True
Let r(w) = 11298*w + 3881. Is r(14) composite?
False
Let z(h) = 6*h**2 + 3*h - 65. Let m = -282 + 306. Is z(m) prime?
True
Let k(h) = 163*h - 68. Let q be k(27). Suppose -9*j + q + 2273 = 0. Is j a prime number?
False
Let l(z) = 96*z**2 + 9*z + 13. Let f(j) = 3*j - 88. Let b be f(0). Let w = 82 + b. Is l(w) a composite number?
True
Let s = 43 - 33. Suppose -2*d + 33756 = s*d. Is d composite?
True
Suppose -21*i - k + 177402 = -17*i, 0 = 3*i - k - 133055. Is i prime?
True
Let r be 83016/(-102) + (-8)/68. Let j = r + 1551. Is j composite?
True
Is (12/6)/((-9)/25818*8/(-6)) a composite number?
True
Let v = -481 + 485. Suppose 4*g - g = 4*b - 26321, 5*b - 32909 = -v*g. Is b prime?
True
Suppose -87*j + 86*j = -10. Is j/(-90) + ((-5564)/(-18) - 2) composite?
False
Suppose 14*l - 10*l - 396 = 0. Suppose z + l - 436 = 0. Is z a prime number?
True
Let x(h) = 499*h + 10. Let j be x(9). Let s = j + -3047. Let z = 3351 - s. Is z prime?
False
Suppose -71*u + 50*u = -2520357. Is u prime?
True
Suppose -49*z = -52*z. Suppose z = -j + 2 - 0. Suppose j*o + 2 = 0, -2*n - 3*o + 313 = -2*o. Is n prime?
True
Let s(t) = -19*t**3 + 22*t**2 - 73*t + 109. Is s(-21) a composite number?
False
Let r(j) = -j**2 + 9*j - 16. Let n be r(5). Suppose -m + 201 = n*q, 2*m = -q + 2*q + 411. Is m a prime number?
False
Suppose 3*i - 4*r = 23, 17 = 3*i - 3*r + 2*r. Suppose 3*j + 2*j - 5200 = -i*l, 0 = -3*l + 6. Is j/9 + (-6)/18 composite?
True
Let h(a) = 4*a. Let c be h(1). Let f(v) = 124*v - 15. Let i be f(c). Suppose -5*k - 4*s = -2405, -i = -k + 2*s - 4*s. Is k a prime number?
False
Let y(o) = -o**2 + 11*o + 15. Let s be y(12). Suppose -5*l = -5*k - 5, -4*k + 3*k + s*l = 7. Is (k/4*0)/1 + 3547 a composite number?
False
Suppose 24*r = 27*r + 5*z - 62079, 103465 = 5*r + 5*z. Is r a composite number?
False
Suppose 5*p + 4*y - 1051935 = 0, -2*p - 9*y + 420777 = -8*y. Is p a prime number?
True
Let f be 88/(-264) + (-34)/(-3). Let l(c) = 7*c. Let b be l(6). Suppose -b - 464 = -f*i. Is i a prime number?
False
Is ((-189356)/(-96)*3)/(1/8) a prime number?
True
Suppose 3*q + x + 2912 = 0, 3*q + 2*x + 2916 = -x. Let c be (0 + (3 - 2))*-1653. Let o = q - c. Is o composite?
False
Suppose 183*h = 312*h - 175*h + 52302. Is h a prime number?
False
Suppose 6*x + 1876 = 39826. Suppose x = 9*k - 14*k. Let p = 1791 + k. Is p a prime number?
False
Let x = 93 - 94. Is -2 - 0 - x*3043 a prime number?
True
Suppose -2*k + 3*o = -21, 5*k + 4*o = -0 + 87. Suppose -2*x + f = -k, -3*x + 0*f + 25 = -2*f. Suppose -2*z - i + 299 = 0, i = 2*z + x*i - 302. Is z composite?
False
Let d be (0 - -3 - 0)*134/6. Let l = d - 120. Is (-19 + 7 + -5)*l a prime number?
False
Suppose a - 2 = 7. Suppose 0 = a*v + v - 80. Let x(c) = 218*c + 3. Is x(v) a composite number?
False
Let f = -821 + 551. Let a(o) = -11*o**3 - 2*o**2 - 5. Let c be a(-4). Let g = f + c. Is g a composite number?
False
Suppose -86*z + 40 = -76*z. Is (((-7176)/9)/z)/(18/(-27)) a composite number?
True
Suppose -330693 = -3*h + 5*x, -220418 = -2*h + 3*x - 7*x. Is h a prime number?
True
Let u(y) = 22*y**3 + 88*y**2 + 9*y + 67. Is u(26) a composite number?
False
Let n(m) = 13496*m + 4. Let h be n(1). Suppose 0 = 7*q - 11*q + h. Is (q - 0/2) + -4 a composite number?
False
Suppose 0*u + 4*u = -5*j + 44, -j + 3*u = -24. Let f(w) = w**2 - 6*w + 4. Let p be f(6). Suppose 3*z = -3*k + 2022, -p*k - j = -0*k. Is z composite?
False
Let w(b) = -118*b. Let a be w(-2). Let t be (5/15)/(8/216). Suppose -a = t*z - 1037. Is z composite?
False
Is 3/12*6*(1844989/3 + -5) composite?
False
Suppose 2*w - 115984 = 2*a, 5*w + a + 83952 = 373906. Is w prime?
True
Let p(h) be the second derivative of 13*h**4/3 - 19*h**3/3 + 43*h**2/2 + 23*h - 1. Is p(-19) a composite number?
True
Let u be 1*76/13 - (-138)/897. Suppose 2*b = -u, 3*y - 5*y + 2497 = 3*b. Is y a composite number?
True
Let l = 13535 - -27882. Is l composite?
True
Let v(u) = -u**3 - 4*u**2 + 14*u + 13. Let s be v(-6). Suppose 5*f - 2*o = -s - 7, 5*f + 20 = 5*o. Suppose 0*l + 11*l - 7205 = f. Is l a prime number?
False
Suppose 209954 + 163326 = 80*r. Is r composite?
True
Suppose 0 = 15*b - 20276 + 81041. Suppose 32050 = 2*h + 3*h. Let f = b + h. Is f composite?
True
Suppose i - i + 2*i = 0. Suppose i = -4*r + 12, -2*g - 3*r + 45 = 2*g. Suppose -g*f = f - 3070. Is f a prime number?
True
Suppose -5*g + 8 = -g, 0 = 2*w - g - 1052. Suppose w + 216 = n + 5*t, -3*n - 2*t + 2203 = 0. Is n prime?
True
Let t be (-75)/(-5)*-2645 - -2. Let h = -19216 - t. Suppose -22*s + h = -3677. Is s a prime number?
True
Suppose -3*g + 43364835 = 42*g. Is g composite?
True
Let b(q) = -q**3 + 7*q**2 - 3*q - 6. Let g be b(6). Suppose 4*y + 6906 = 5*k, 0 = 14*k - g*k - 4*y - 2760. Is k a prime number?
False
Let v(r) = -467*r**3 + r**2 + 4*r + 1. Suppose 3*i = -p - 3, 5*i + 3*p + 0*p + 1 = 0. Is v(i) a prime number?
True
Is -3 + 216/64 + (-257236)/(-32) composite?
False
Let s(y) = y**3 + 7*y**2 + 146*y - 21. Is s(26) prime?
True
Let r(p) = 4*p + 9. Let b = -56 - -52. Let u be r(b). Let s(t) = t**3 + 8*t**2 - 8*t + 10. Is s(u) prime?
False
Suppose -12519*k - 46737163 = -12580*k. Is k a composite number?
True
Is -1*4 + (5 - -49253 - 3) a prime number?
False
Is (-1169530)/(-8) - 142/568 composite?
False
Suppose -2*l + 16954 = -2*c, 0*c + 3*c = -5*l + 42417. Suppose 1427 = -2*a + l. Is a prime?
True
Let u(t) be the first derivative of 45*t**3/2 + 7*t**2 - 6*t - 15. Let o(p) be the first derivative of u(p). Is o(5) prime?
False
Suppose 3*h + 40*l - 45*l - 2243604 = 0, -5*h - 2*l = -3739309. Is h prime?
True
Let u be (-8)/(-1 + -4 + 3). Suppose 2*z - 2628 = -4*p + 6*z, 2638 = u*p - 2*z. Is p prime?
False
Suppose -3*j + 4*c + 48432 = 0, -2*c = 2*c. Let n = 28935 - j. Is n composite?
False
Let b be (-8)/16 - 78/(-4). Let u be (b - 13) + (-2 - 1). Is 493 + u/(9/(-12)) a composite number?
True
Let p(q) = 536*q**2 + 9*q - 2. Let c be 364/126 + (-1)/(-9). Is p(c) prime?
False
Suppose 4*z + 117 = -487. Let j = -110 - z. Suppose 13*o = -j + 886. Is o a composite number?
True
Let v(t) = 362*t**3 - 31*t**2 - 9*t + 41. Is v(9) a composite number?
False
Let t be ((-30)/20)/((-3)/6) - -2358. Let l(q) = q**3 - 4*q**2 - 7*q - 9. Let m be l(6). Suppose m*g - 18*g - t = 0. Is g a composite number?
False
Let q be 2/(-7) - 762/(-21). Let s be (-3 - (-81)/45)/(3/(-80)). Suppose q*d = s*d + 508. Is d a composite number?
False
Let m = 38141 + -10796. Let n = m + -18774. Is n a composite number?
True
Let u = 1658 + -28. Let t = u - 777. Is t a composite number?
False
Let i(s) = -4*s + 2*s**3 - 26*s - 11*s**2 - 3*s**3 + 43*s**2 - 1 + 92. Is i(22) composite?
False
Let c be -4 + (-7312 - (13 - 5)). Let r = 19163 + c. Is r composite?
False
Suppose 126*p = 121*p + 153155. Is p composite?
False
Let j = 17 + -13. Suppose -2*w - j*q = -38, -2*w - q = 2*q - 39. Suppose 0 = 5*u + w - 446. Is u a prime number?
False
Let r(y) = -y**3 + 78*y**2 - 178*y - 51. Is r(62) a composite number?
False
Let p = 138244 - 54707. Is p prime?
True
Let r(h) = -2*h**3 - h**2 - 2*h + 46. Is r(-19) a prime number?
True
Let q be (3/4)/(2/24). Suppose q*v - 11*v + 10 = 0. Let i(y) = 9*y**3 + 10*y**2 + 5*y - 1. Is i(v) composite?
False
Suppose 128*l + 42*l = 1929670. Is l prime?
True
Let u(v) = -2*v + 5. Let d be u(4). Let i be (24/20)/((-99)/(-30) + d). Suppose -2*c - 30 = -i*c. Is c a composite number?
True
Suppose 445*p - 33190016 + 9673791 = 17359250. Is p prime?
False
Let i = 34903 + 235366. Is i prime?
True
Let x(m) = 37*m**2 + 114*m - 257. Is x(-48) a prime number?
False
Suppose -2*u = 2*t - 2943882, -11*t - 5*u + 21698283 - 5506956 = 0. Is t composite?
False
Suppose -102 = 4*t + 2*b, 0 = t - 4*b + b + 22. Let z(w) = w**3 + 29*w**2 + 28*w - 1. Is z(t) composite?
True
Let d = -28 - -30. Suppose 5*q = -d*n - 269, 3*q + 0*n + n + 162 = 0. Let s = 204 + q. Is s composite?
False
Is (5190/(-45))/(9210/16191 - 84/147) composite?
True
Let g(i) = -240*i + 24. Suppose 0 = 4*k + 2*o + 3*o + 35, -5*k - 16 = -3*o. Let u be g(k). Suppose -3*p + 0*p + 3*x + u = 0, -2*p = 4*x - 846. Is p composite?
True
Let o be 2/4*(0/(-1) + 6). Suppose o*i - 4*d = 6545, i - 2153 = 3*d + 32. Is i prime?
True
Suppose 63154378 = 172*q - 25162290. Is q prime?
False
Let k = 0 - -13. Let q(f) = 66*f**2 + 5*f - 27. Let z be q(k). Suppose